{"version":"1.0","type":"rich","provider_name":"Creativ&#8217;Art Studio","provider_url":"https:\/\/www.creativart-studio.fr","title":"Portrait Corporate - 175\u20acHT","author_name":"Creativ&#8217;Art Studio","width":"480","height":"295","url":"http:\/\/creativart-studio.fr\/portrait-corporate","html":"\u003Ch4 class='title'\u003E\u003Ca href='http:\/\/creativart-studio.fr\/portrait-corporate'\u003EPortrait Corporate - 175\u20acHT\u003C\/a\u003E\u003C\/h4\u003E\u003Cblockquote class='spip'\u003E\n\u003Cp\u003ELa s\u00e9ance photo corporate individuelle est con\u00e7ue pour les professionnels, dirigeants, ind\u00e9pendants ou entrepreneurs souhaitant disposer de portraits professionnels de haute qualit\u00e9, refl\u00e9tant \u00e0 la fois leur personnalit\u00e9 et leur image de marque. \n\n R\u00e9alis\u00e9e en studio, sur site ou en ext\u00e9rieur, cette s\u00e9ance offre un cadre professionnel, bienveillant et adapt\u00e9 \u00e0 vos besoins&nbsp;: LinkedIn, site web, CV, plaquette, presse, communication interne ou personnelle. \n\nChaque image est pens\u00e9e pour&nbsp;(\u2026)\u003C\/p\u003E\n\u003C\/blockquote\u003E\n"}

<h4 class='title'><a href='http://creativart-studio.fr/portrait-corporate'>Portrait Corporate - 175€HT</a></h4><blockquote class='spip'>
<p>La séance photo corporate individuelle est conçue pour les professionnels, dirigeants, indépendants ou entrepreneurs souhaitant disposer de portraits professionnels de haute qualité, reflétant à la fois leur personnalité et leur image de marque. 

 Réalisée en studio, sur site ou en extérieur, cette séance offre un cadre professionnel, bienveillant et adapté à vos besoins&nbsp;: LinkedIn, site web, CV, plaquette, presse, communication interne ou personnelle. 

Chaque image est pensée pour&nbsp;(…)</p>
</blockquote>
