{"version":"1.0","type":"rich","provider_name":"Creativ&#8217;Art Studio","provider_url":"https:\/\/www.creativart-studio.fr","title":"Mini S\u00e9ance Portrait Corporate","author_name":"Creativ&#8217;Art Studio","width":"480","height":"295","url":"http:\/\/creativart-studio.fr\/mini-seance-portrait-corporate","html":"\u003Ch4 class='title'\u003E\u003Ca href='http:\/\/creativart-studio.fr\/mini-seance-portrait-corporate'\u003EMini S\u00e9ance Portrait Corporate\u003C\/a\u003E\u003C\/h4\u003E\u003Cblockquote class='spip'\u003E\u003Cp\u003ELa mini s\u00e9ance photo corporate individuelle est con\u00e7ue pour les professionnels, dirigeants, ind\u00e9pendants ou entrepreneurs souhaitant disposer de portraits professionnels de haute qualit\u00e9, refl\u00e9tant \u00e0 la fois leur personnalit\u00e9 et leur image de marque.\u003C\/p\u003E\u003C\/blockquote\u003E\n"}

Mini Séance Portrait Corporate

<h4 class='title'><a href='http://creativart-studio.fr/mini-seance-portrait-corporate'>Mini Séance Portrait Corporate</a></h4><blockquote class='spip'><p>La mini séance photo corporate individuelle est conçue pour les professionnels, dirigeants, indépendants ou entrepreneurs souhaitant disposer de portraits professionnels de haute qualité, reflétant à la fois leur personnalité et leur image de marque.</p></blockquote>
